?
263
-212243 (base 5) to base 14
-28a2
Convert 1221000 (base 4) to base 5.
203340
What is 1b22 (base 14) in base 9?
6677
Convert 1606 (base 11) to base 2.
100000001111
2b1 (base 12) to base 3
120121
What is 11311 (base 5) in base 3?
1010210
Convert 566 (base 11) to base 6.
3045
Convert 5c6 (base 15) to base 12.
913
What is 44834 (base 9) in base 12?
15327
What is -1114 (base 11) in base 15?
-67c
1672 (base 8) to base 15
439
Convert -bb9 (base 15) to base 10.
-2649
-63184 (base 9) to base 6
-521034
What is -120330 (base 5) in base 14?
-18ad
Convert 26131 (base 8) to base 5.
330403
What is 2120103 (base 4) in base 8?
23023
Convert -2560 (base 11) to base 5.
-101313
Convert -b (base 13) to base 2.
-1011
2034034 (base 5) to base 16
836c
122010 (base 3) to base 8
716
Convert -1640 (base 15) to base 12.
-2929
-2020 (base 11) to base 10
-2684
What is -442 (base 11) in base 2?
-1000010010
Convert 10342 (base 6) to base 3.
1221222
Convert -2210 (base 6) to base 4.
-13332
1c48 (base 13) to base 16
10bd
Convert 22520 (base 7) to base 3.
21212212
Convert 10000011101111 (base 2) to base 10.
8431
What is 4011 (base 7) in base 9?
1803
473 (base 10) to base 16
1d9
20240 (base 5) to base 7
3564
What is 1760 (base 10) in base 9?
2365
What is -102532 (base 6) in base 11?
-6354
What is 322 (base 13) in base 9?
654
Convert 71c1 (base 14) to base 2.
100110001110101
Convert -31e1 (base 16) to base 6.
-135041
What is 916 (base 11) in base 10?
1106
Convert b057 (base 13) to base 4.
11322233
What is 2110 (base 4) in base 14?
a8
-1000102 (base 3) to base 15
-345
Convert -1269 (base 10) to base 2.
-10011110101
What is -2324 (base 6) in base 14?
-2ba
What is 13773 (base 9) in base 15?
2ba6
-2bc (base 16) to base 8
-1274
5651 (base 8) to base 13
1488
Convert ab8 (base 13) to base 10.
1841
What is -13340 (base 5) in base 7?
-3123
What is 107c (base 13) in base 10?
2300
What is 33540 (base 6) in base 5?
122430
-7163 (base 13) to base 5
-1000004
-9d (base 14) to base 5
-1024
Convert -6579 (base 15) to base 14.
-7b8d
Convert 624 (base 16) to base 9.
2136
What is 903 (base 13) in base 10?
1524
-1144 (base 6) to base 16
-118
Convert 1201001 (base 3) to base 14.
64b
c9b (base 14) to base 12
1535
What is 4914 (base 12) in base 15?
2684
Convert 2513 (base 6) to base 11.
515
What is 36641 (base 7) in base 15?
2c8e
What is 132111 (base 5) in base 13?
2533
56653 (base 7) to base 2
11100000111011
-41324 (base 5) to base 12
-16a2
101010010101 (base 2) to base 12
1699
Convert -105320 (base 6) to base 10.
-8976
What is 8040 (base 12) in base 2?
11011000110000
What is -422201 (base 5) in base 4?
-3123203
Convert 121101211 (base 3) to base 15.
3821
Convert -3300201 (base 4) to base 12.
-8aa9
What is -6062 (base 8) in base 7?
-12050
What is 1a05 (base 16) in base 13?
3055
110a5 (base 11) to base 5
1003322
What is -101001011 (base 2) in base 10?
-331
What is -3000 (base 7) in base 5?
-13104
Convert 2a1 (base 12) to base 8.
631
Convert -12213 (base 4) to base 15.
-1d3
Convert -6b2 (base 12) to base 16.
-3e6
-22547 (base 9) to base 4
-3222310
Convert -cba (base 14) to base 8.
-4724
-13112 (base 5) to base 13
-615
-110562 (base 7) to base 9
-28663
Convert 1120212 (base 4) to base 9.
7700
Convert 397 (base 10) to base 14.
205
Convert -27325 (base 10) to base 2.
-110101010111101
Convert 985 (base 10) to base 4.
33121
What is -32030 (base 6) in base 5?
-114323
Convert -222 (base 13) to base 15.
-196
Convert 47 (base 13) to base 8.
73
Convert 3422 (base 5) to base 13.
2b6
-274 (base 15) to base 13
-340
Convert -211433 (base 5) to base 6.
-52542
Convert 13260 (base 12) to base 8.
63250
Convert -446 (base 9) to base 4.
-11232
What is 8d56 (base 16) in base 5?
2124212
What is 22132 (base 4) in base 15?
2ea
What is -101001000000001 (base 2) in base 10?
-20993
Convert 1a5 (base 15) to base 13.
233
Convert 100 (base 5) to base 15.
1a
What is -abb (base 14) in base 9?
-2821
What is 12323 (base 5) in base 14?
4cb
-267 (base 10) to base 15
-12c
-121210102 (base 3) to base 12
-7102
What is 5533 (base 7) in base 6?
13104
Convert -9a (base 13) to base 12.
-a7
What is -101001000000100 (base 2) in base 14?
-791a
What is -100000010001 (base 2) in base 15?
-92a
Convert -101110100 (base 2) to base 12.
-270
Convert f59 (base 16) to base 14.
1609
What is 11001011001111 (base 2) in base 12?
763b
What is 2176a (base 13) in base 11?
41582
9d (base 15) to base 10
148
Convert 3460 (base 14) to base 4.
2032030
Convert 775 (base 12) to base 14.
585
Convert -110101 (base 3) to base 6.
-1314
Convert 3263 (base 7) to base 11.
976
Convert 12443 (base 5) to base 7.
2624
Convert 12002 (base 13) to base 15.
9b72
233011 (base 6) to base 8
47177
What is -332503 (base 6) in base 11?
-19a01
Convert -330 (base 6) to base 14.
-90
-1b06 (base 16) to base 11
-521a
What is -12244 (base 5) in base 6?
-4221
What is -203021 (base 4) in base 9?
-3068
What is -798 (base 14) in base 4?
-113202
Convert 2021234 (base 5) to base 9.
48756
Convert 2826 (base 11) to base 12.
214a
1c77 (base 13) to base 12
2603
-7a8d (base 15) to base 5
-1313013
What is 565 (base 8) in base 5?
2443
Convert 5711 (base 10) to base 7.
22436
What is 5937 (base 12) in base 14?
38cb
-133 (base 12) to base 9
-223
-21a36 (base 14) to base 2
-10011111010110000
6371 (base 9) to base 16
1249
Convert 93a8 (base 11) to base 5.
344320
Convert -79a (base 11) to base 15.
-43b
cd71 (base 16) to base 5
3140333
Convert -109d7 (base 14) to base 3.
-2001101011
Convert -100010 (base 3) to base 6.
-1050
What is -24765 (base 9) in base 12?
-9788
What is -2211120110 (base 3) in base 6?
-1110233
Convert -100111111111 (base 2) to base 5.
-40214
-253 (base 13) to base 16
-196
What is 76 (base 15) in base 14?
7d
-652 (base 8) to base 2
-110101010
Convert 8a8 (base 13) to base 6.
10522
Convert 212202 (base 3) to base 15.
2cb
What is 32130 (base 4) in base 3?
1021020
3215 (base 16) to base 15
3beb
13312 (base 5) to base 15
4c2
-1cd8 (base 14) to base 8
-12246
-4537 (base 9) to base 11
-2580
Convert -271 (base 8) to base 5.
-1220
Convert 1515 (base 6) to base 2.
110010111
What is 33d (base 15) in base 6?
3221
What is -269 (base 10) in base 9?
-328
-640 (base 8) to base 3
-120102
Convert 896 (base 13) to base 10.
1475
What is -112010010 (base 3) in base 13?
-48b7
Convert 3508 (base 14) to base 3.
110122111
What is -18454 (base 11) in base 5?
-1311312
What is -20120002 (base 3) in base 7?
-16640
-120212 (base 3) to base 6
-1552
Convert -d57a (base 14) to base 2.
-1000111110011000
What is -25 (base 8) in base 4?
-111
Convert 7874 (base 10) to base 14.
2c26
What is 6c24 (base 13) in base 16?
3b88
Convert -21a (base 14) to base 2.
-110100000
Convert -27 (base 8) to base 9.
-25
5246 (base 8) to base 14
dca
503 (base 9) to base 15
1c3
What is 7c0c (base 14) in base 4?
11101010
Convert -11157 (base 9) to base 16.
-1cff
What is 690 (base 13) in base 2?
10001101011
-20302 (base 5) to base 12
-927
What is 282a6 (base 12) in base 8?
154636
What is 540 (base 7) in base 10?
273
-318 (base 13) to base 14
-29a
Convert -89 (base 16) to base 8.
-211
What is -1131 (base 4) in base 5?
-333
16357 (base 10) to base 8
37745
Convert 5a2 (base 13) to base 7.
2564
Convert 31002322 (base 4) to base 6.
1051214
10100012 (base 3) to base 16
983
Convert -160626 (base 7) to base 12.
-162b3
What is -ce (base 16) in base 15?
-db
842 (base 10) to base 2
1101001010
Convert -226033 (base 7) to base 5.
-2243443
What is -711 (base 10) in base 15?
-326
What is -111315 (base 6) in base 5?
-300112
What is -a35 (base 11) in base 16?
-4e0
Convert -15043 (base 6) to base 10.
-2403
5322 (base 13) to base 12
6800
431 (base 10) to base 4
12233
Convert 53 (base 10) to base 14.
3b
What is -1022 (base 3) in base 12?
-2b
-2052 (base 15) to base 12
-3b4b
Convert -1352 (base 11) to base 7.
-5051
Convert -1313 (base 7) to base 14.
-27a
Convert b5a (base 15) to base 3.
10111211
What is 1345 (base 12) in base 15?
9c8
What is 1204 (base 10) in base 11?
9a5
Convert 18ed (base 16) to base 12.
3839
-37083 (base 9) to base 16
-611d
-180 (base 13) to base 7
-540
What is 23677 (base 9) in base 6?
201241
What is -5244 (base 14) in base 12?
-8250
110011010000 (base 2) to base 13
1654
Convert -111010100 (base 2) to base 14.
-256
Convert 1114 (base 7) to base 14